s of 7677007?
13, 19, 31081
What are the prime factors of 4719841?
7, 674263
What are the prime factors of 14989376?
2, 17, 23, 599
List the prime factors of 461997.
3, 71, 241
What are the prime factors of 452329?
452329
List the prime factors of 27724.
2, 29, 239
What are the prime factors of 151319?
7, 21617
What are the prime factors of 64065?
3, 5, 4271
What are the prime factors of 161658?
2, 3, 7, 1283
What are the prime factors of 141968?
2, 19, 467
What are the prime factors of 71848?
2, 7, 1283
What are the prime factors of 20484?
2, 3, 569
List the prime factors of 3350950.
2, 5, 29, 2311
List the prime factors of 8002450.
2, 5, 160049
List the prime factors of 2841751.
11, 41, 6301
What are the prime factors of 18326232?
2, 3, 359, 709
What are the prime factors of 1397902?
2, 11, 63541
What are the prime factors of 276489?
3, 31, 991
List the prime factors of 360193.
360193
List the prime factors of 908612.
2, 227153
What are the prime factors of 5302365?
3, 5, 151, 2341
What are the prime factors of 10745317?
11, 19, 51413
What are the prime factors of 140152?
2, 17519
List the prime factors of 6986480.
2, 5, 23, 3797
What are the prime factors of 74724?
2, 3, 13, 479
List the prime factors of 1397722.
2, 479, 1459
What are the prime factors of 293720?
2, 5, 7, 1049
What are the prime factors of 1821132?
2, 3, 50587
List the prime factors of 31909630.
2, 5, 251, 12713
List the prime factors of 56077.
7, 8011
List the prime factors of 5155265.
5, 1031053
What are the prime factors of 62616?
2, 3, 2609
List the prime factors of 1401506.
2, 67, 10459
What are the prime factors of 5704560?
2, 3, 5, 19, 139
What are the prime factors of 139002?
2, 3, 23167
What are the prime factors of 1371201?
3, 13, 35159
List the prime factors of 13269974.
2, 347, 19121
What are the prime factors of 17786519?
17786519
What are the prime factors of 3307881?
3, 19, 131, 443
What are the prime factors of 5712394?
2, 2856197
List the prime factors of 1946985.
3, 5, 293, 443
List the prime factors of 4604448.
2, 3, 47963
List the prime factors of 29701.
7, 4243
What are the prime factors of 9708714?
2, 3, 23, 7817
What are the prime factors of 5229602?
2, 7, 23, 109, 149
What are the prime factors of 2698393?
17, 9337
List the prime factors of 161470.
2, 5, 67, 241
List the prime factors of 316171.
421, 751
List the prime factors of 1626141.
3, 11, 49277
List the prime factors of 205383.
3, 223, 307
What are the prime factors of 486289?
23, 21143
List the prime factors of 11083038.
2, 3, 41, 45053
List the prime factors of 181808.
2, 11, 1033
List the prime factors of 8957714.
2, 4478857
What are the prime factors of 2212321?
2212321
What are the prime factors of 238405?
5, 47681
What are the prime factors of 1562815?
5, 312563
List the prime factors of 1868610.
2, 3, 5, 199, 313
List the prime factors of 1211314.
2, 13, 46589
List the prime factors of 190859.
17, 103, 109
What are the prime factors of 2937175?
5, 17, 6911
What are the prime factors of 293171?
59, 4969
What are the prime factors of 19525207?
13, 29, 67, 773
List the prime factors of 339351.
3, 113117
What are the prime factors of 490206?
2, 3, 81701
List the prime factors of 583176.
2, 3, 11, 47
List the prime factors of 3938378.
2, 41, 48029
List the prime factors of 3715509.
3, 7, 29, 6101
What are the prime factors of 1952882?
2, 523, 1867
What are the prime factors of 502032?
2, 3, 10459
List the prime factors of 351722.
2, 7, 37, 97
List the prime factors of 15137291.
13, 83, 14029
List the prime factors of 158867.
158867
List the prime factors of 1242551.
613, 2027
List the prime factors of 14033410.
2, 5, 251, 5591
What are the prime factors of 222506?
2, 111253
List the prime factors of 1017258.
2, 3, 11, 15413
What are the prime factors of 15195092?
2, 11, 41, 8423
What are the prime factors of 5375573?
7, 107, 7177
What are the prime factors of 8276265?
3, 5, 183917
What are the prime factors of 877481?
11, 241, 331
What are the prime factors of 6249576?
2, 3, 260399
List the prime factors of 5444653.
5444653
What are the prime factors of 3834342?
2, 3, 213019
List the prime factors of 8306058.
2, 3, 1384343
What are the prime factors of 25064622?
2, 3, 11, 277, 457
List the prime factors of 25274266.
2, 109, 191, 607
What are the prime factors of 1812556?
2, 37, 331
List the prime factors of 926758.
2, 7, 53, 1249
What are the prime factors of 163414?
2, 81707
What are the prime factors of 1643472?
2, 3, 101, 113
List the prime factors of 213270.
2, 3, 5, 7109
What are the prime factors of 970020?
2, 3, 5, 17, 317
What are the prime factors of 795144?
2, 3, 7, 4733
What are the prime factors of 17122822?
2, 61, 140351
What are the prime factors of 204012?
2, 3, 1889
List the prime factors of 6742801.
13, 331, 1567
List the prime factors of 6091772.
2, 227, 6709
List the prime factors of 4704890.
2, 5, 470489
What are the prime factors of 523816?
2, 41, 1597
What are the prime factors of 11681274?
2, 3, 11, 176989
List the prime factors of 408776.
2, 37, 1381
What are the prime factors of 3937753?
3937753
What are the prime factors of 200567?
167, 1201
What are the prime factors of 191163?
3, 7, 9103
What are the prime factors of 34611059?
7, 4944437
What are the prime factors of 1673389?
1673389
What are the prime factors of 17508118?
2, 31, 282389
List the prime factors of 8599937.
239, 35983
What are the prime factors of 25804682?
2, 1423, 9067
What are the prime factors of 745168?
2, 46573
List the prime factors of 28059576.
2, 3, 1169149
What are the prime factors of 15146605?
5, 53, 61, 937
List the prime factors of 1377108.
2, 3, 41, 311
List the prime factors of 180755.
5, 36151
List the prime factors of 11904729.
3, 89, 44587
List the prime factors of 1277925.
3, 5, 11, 1549
What are the prime factors of 42137?
29, 1453
List the prime factors of 1764212.
2, 441053
List the prime factors of 2386759.
37, 251, 257
List the prime factors of 207072.
2, 3, 719
List the prime factors of 548715.
3, 5, 157, 233
What are the prime factors of 67010?
2, 5, 6701
List the prime factors of 121583.
7, 11, 1579
What are the prime factors of 24880?
2, 5, 311
List the prime factors of 5646133.
71, 281, 283
List the prime factors of 3138589.
3138589
List the prime factors of 4485803.
7, 43, 2129
List the prime factors of 2002367.
227, 8821
List the prime factors of 584412.
2, 3, 31, 1571
What are the prime factors of 420191?
420191
What are the prime factors of 2481141?
3, 13, 113, 563
List the prime factors of 839447.
7, 119921
What are the prime factors of 7908534?
2, 3, 31, 14173
List the prime factors of 22671.
3, 11, 229
List the prime factors of 222567.
3, 74189
What are the prime factors of 525029?
525029
What are the prime factors of 207562?
2, 59, 1759
List the prime factors of 215661.
3, 71887
List the prime factors of 14932795.
5, 2986559
What are the prime factors of 3367754?
2, 13, 129529
List the prime factors of 1808150.
2, 5, 29, 43
What are the prime factors of 16773114?
2, 3, 683, 4093
What are the prime factors of 262054?
2, 13, 10079
What are the prime factors of 206446?
2, 109, 947
List the prime factors of 10286206.
2, 7, 734729
List the prime factors of 15074838.
2, 3, 29, 28879
List the prime factors of 994217.
7, 142031
What are the prime factors of 1088713?
193, 5641
List the prime factors of 4633887.
3, 577, 2677
List the prime factors of 52441.
229
What are the prime factors of 47248?
2, 2953
What are the prime factors of 250091?
250091
What are the prime factors of 5028399?
3, 20693
List the prime factors of 20283.
3, 6761
What are the prime factors of 5649957?
3, 627773
List the prime factors of 502389.
3, 23, 809
What are the prime factors of 850891?
850891
What are the prime factors of 1508644?
2, 137, 2753
What are the prime factors of 6883095?
3, 5, 23, 71, 281
What are the prime factors of 609037?
11, 13, 4259
What are the prime factors of 6549961?
11, 595451
List the prime factors of 1162903.
7, 23, 31, 233
What are the prime factors of 4549274?
2, 383, 5939
What are the prime factors of 3019233?
3, 7, 19, 23, 47
List the prime factors of 537509.
7, 31, 2477
What are the prime factors of 6722270?
2, 5, 672227
List the prime factors of 857324.
2, 1